der when 412337 is divided by 102347?
2949
Calculate the remainder when 37004477 is divided by 99.
59
What is the remainder when 111111144 is divided by 417711?
18
What is the remainder when 17990 is divided by 5982?
44
Calculate the remainder when 17766836 is divided by 27.
26
What is the remainder when 227231 is divided by 113545?
141
Calculate the remainder when 2140707035 is divided by 754.
753
Calculate the remainder when 63061 is divided by 1753.
1706
Calculate the remainder when 454907 is divided by 14246.
13281
What is the remainder when 274472 is divided by 664?
240
What is the remainder when 55277611 is divided by 70?
11
What is the remainder when 514871 is divided by 3343?
49
Calculate the remainder when 17156 is divided by 2505.
2126
What is the remainder when 8807364 is divided by 733946?
12
Calculate the remainder when 94324 is divided by 53.
37
What is the remainder when 6520147 is divided by 3260071?
5
Calculate the remainder when 4893067 is divided by 1545.
52
Calculate the remainder when 8016636429 is divided by 5872.
5869
What is the remainder when 2703383 is divided by 8242?
7
Calculate the remainder when 124403 is divided by 17560.
1483
Calculate the remainder when 2070648 is divided by 39815.
268
What is the remainder when 113835 is divided by 2276?
35
What is the remainder when 818533 is divided by 106?
1
What is the remainder when 59474 is divided by 416?
402
Calculate the remainder when 2017996 is divided by 204.
28
Calculate the remainder when 353782055 is divided by 173.
169
What is the remainder when 52736 is divided by 8412?
2264
Calculate the remainder when 113090579 is divided by 11.
8
What is the remainder when 453505 is divided by 226684?
137
What is the remainder when 15084804 is divided by 4229?
4190
Calculate the remainder when 6386025 is divided by 3536.
9
Calculate the remainder when 38369 is divided by 12739.
152
What is the remainder when 21846 is divided by 19?
15
What is the remainder when 1316750 is divided by 438912?
14
What is the remainder when 270961 is divided by 20803?
522
Calculate the remainder when 107529 is divided by 8097.
2268
What is the remainder when 156070976 is divided by 52023658?
2
What is the remainder when 65910599 is divided by 234?
53
Calculate the remainder when 18144516 is divided by 6048172.
0
Calculate the remainder when 9545 is divided by 1905.
20
Calculate the remainder when 17190665 is divided by 2148823.
81
Calculate the remainder when 224694 is divided by 3182.
1954
What is the remainder when 141482186 is divided by 1546?
1542
What is the remainder when 17061988 is divided by 621?
13
Calculate the remainder when 3242099 is divided by 57.
53
What is the remainder when 105798 is divided by 936?
30
What is the remainder when 207933 is divided by 759?
726
What is the remainder when 1363496 is divided by 1235?
56
What is the remainder when 528254 is divided by 9107?
48
What is the remainder when 38739 is divided by 959?
379
Calculate the remainder when 1338618 is divided by 386.
356
What is the remainder when 6301124 is divided by 206?
202
What is the remainder when 8737 is divided by 3841?
1055
Calculate the remainder when 92846050 is divided by 54.
16
What is the remainder when 198766642 is divided by 66255541?
19
Calculate the remainder when 53167 is divided by 775.
467
What is the remainder when 5298982 is divided by 18?
16
What is the remainder when 27640 is divided by 378?
46
What is the remainder when 7905944 is divided by 82?
78
What is the remainder when 1213103 is divided by 605785?
1533
What is the remainder when 477277 is divided by 158633?
1378
Calculate the remainder when 7378245 is divided by 2459402.
39
What is the remainder when 41182 is divided by 2930?
162
What is the remainder when 2888338 is divided by 1502?
1494
What is the remainder when 55248 is divided by 144?
96
Calculate the remainder when 409144 is divided by 31472.
8
What is the remainder when 13295297 is divided by 953?
947
Calculate the remainder when 535322 is divided by 41150.
372
What is the remainder when 960743 is divided by 131?
120
What is the remainder when 3230197 is divided by 3756?
37
Calculate the remainder when 1137448 is divided by 9890.
98
What is the remainder when 101666284 is divided by 27?
25
What is the remainder when 937302 is divided by 55135?
7
Calculate the remainder when 79797354 is divided by 87.
84
What is the remainder when 120813 is divided by 1208?
13
What is the remainder when 523088 is divided by 1248?
176
What is the remainder when 404351 is divided by 1276?
1135
What is the remainder when 288949 is divided by 144335?
279
Calculate the remainder when 4877494 is divided by 37810.
4
Calculate the remainder when 1236983 is divided by 9811.
797
Calculate the remainder when 1978001741 is divided by 327.
323
What is the remainder when 238810 is divided by 79602?
4
What is the remainder when 37845 is divided by 2244?
1941
Calculate the remainder when 66627 is divided by 2261.
1058
What is the remainder when 93624 is divided by 974?
120
What is the remainder when 719396 is divided by 359696?
4
What is the remainder when 35278483 is divided by 10155?
13
What is the remainder when 4169747 is divided by 138?
77
Calculate the remainder when 9337868 is divided by 89.
77
Calculate the remainder when 13472389 is divided by 77875.
14
Calculate the remainder when 125338 is divided by 17790.
808
Calculate the remainder when 7789 is divided by 1378.
899
What is the remainder when 61388829 is divided by 20?
9
What is the remainder when 3736791 is divided by 1245554?
129
What is the remainder when 381080 is divided by 4098?
4064
Calculate the remainder when 6497321 is divided by 224045.
16
What is the remainder when 3870979 is divided by 552904?
651
Calculate the remainder when 208190817 is divided by 6133.
6132
What is the remainder when 364879094 is divided by 11549?
11537
Calculate the remainder when 7785779 is divided by 619.
616
Calculate the remainder when 73602978 is divided by 3018.
3012
What is the remainder when 5143396 is divided by 1285848?
4
Calculate the remainder when 130065 is divided by 43307.
144
What is the remainder when 39162019 is divided by 7498?
7463
Calculate the remainder when 4129904 is divided by 275322.
74
What is the remainder when 18270055 is divided by 2686?
2569
Calculate the remainder when 71677075 is divided by 291.
283
What is the remainder when 190995 is divided by 772?
311
What is the remainder when 437065 is divided by 110?
35
Calculate the remainder when 98746 is divided by 2663.
215
Calculate the remainder when 116664 is divided by 5892.
4716
What is the remainder when 1582685717 is divided by 1309?
1306
What is the remainder when 1210293 is divided by 56?
21
Calculate the remainder when 345894 is divided by 18161.
835
Calculate the remainder when 491945 is divided by 16398.
5
Calculate the remainder when 312368997 is divided by 25.
22
What is the remainder when 6222482 is divided by 122?
116
Calculate the remainder when 544563 is divided by 31.
17
What is the remainder when 792196 is divided by 793?
782
What is the remainder when 27708177 is divided by 35?
7
Calculate the remainder when 77428651 is divided by 77428643.
8
What is the remainder when 783041 is divided by 18?
5
Calculate the remainder when 4312680 is divided by 51960.
0
What is the remainder when 91027818 is divided by 130?
128
Calculate the remainder when 80194 is divided by 523.
175
What is the remainder when 1194903 is divided by 17834?
25
What is the remainder when 2065115 is divided by 137673?
20
Calculate the remainder when 19627 is divided by 3910.
77
Calculate the remainder when 435399 is divided by 2196.
591
Calculate the remainder when 10409692 is divided by 42.
34
What is the remainder when 20918 is divided by 2843?
1017
What is the remainder when 5025927 is divided by 168?
39
Calculate the remainder when 89684 is divided by 738.
386
Calculate the remainder when 6421 is divided by 3776.
2645
Calculate the remainder when 33205 is divided by 3973.
1421
Calculate the remainder when 37641 is divided by 11.
10
Calculate the remainder when 1363678 is divided by 340871.
194
What is the remainder when 79502 is divided by 13082?
1010
What is the remainder when 561091 is d